{"id":96,"date":"2024-08-15T06:37:00","date_gmt":"2024-08-15T06:37:00","guid":{"rendered":"https:\/\/marketingwaves.ch\/?page_id=96"},"modified":"2024-08-15T06:54:40","modified_gmt":"2024-08-15T06:54:40","slug":"impressum","status":"publish","type":"page","link":"https:\/\/marketingwaves.ch\/?page_id=96","title":{"rendered":"Impressum"},"content":{"rendered":"\n<h3 class=\"wp-block-heading\">Baumgartners MarketingWaves<\/h3>\n\n\n\n<h3 class=\"wp-block-heading\">Lindenweg 1<\/h3>\n\n\n\n<h3 class=\"wp-block-heading\">CH-4334 Sisseln<\/h3>\n\n\n\n<h3 class=\"wp-block-heading\">gb@marketingwaves.ch<\/h3>\n\n\n\n<h3 class=\"wp-block-heading\">+41 79 259 05 77<\/h3>\n\n\n\n<p>Copyright \/ Haftungsauschluss<\/p>\n\n\n\n<p>Im Hinblick auf die technischen Eigenschaften des Internet kann keine Gew\u00e4hr f\u00fcr die Authentizit\u00e4t, Richtigkeit und Vollst\u00e4ndigkeit der im Internet zur Verf\u00fcgung gestellten Informationen \u00fcbernommen werden. Es wird auch keine Gew\u00e4hr f\u00fcr die Verf\u00fcgbarkeit oder den Betrieb der gegenst\u00e4ndlichen Homepage und ihrer Inhalte \u00fcbernommen.<\/p>\n\n\n\n<p>Jede Haftung f\u00fcr unmittelbare, mittelbare oder sonstige Sch\u00e4den, unabh\u00e4ngig von deren Ursachen, die aus der Benutzung oder Nichtverf\u00fcgbarkeit der Daten und Informationen dieser Homepage erwachsen wird, soweit rechtlich zul\u00e4ssig, ausgeschlossen.<\/p>\n\n\n\n<p>Der Inhalt dieser Homepage ist urheberrechtlich gesch\u00fctzt. Die Informationen sind nur f\u00fcr die pers\u00f6nliche Verwendung bestimmt. Jede weitergehende Nutzung insbesondere die Speicherung in Datenbanken. Vervielf\u00e4ltigung und jede Form von gewerblicher Nutzung sowie die Weitergabe an Dritte &#8211; auch in Teiler oder in \u00fcberarbeiteter Form &#8211; ohne Zustimmung der Website-Inhaberin<\/p>\n","protected":false},"excerpt":{"rendered":"<p>Baumgartners MarketingWaves Lindenweg 1 CH-4334 Sisseln gb@marketingwaves.ch +41 79 259 05 77 Copyright \/ Haftungsauschluss Im Hinblick auf die technischen Eigenschaften des Internet kann keine Gew\u00e4hr f\u00fcr die Authentizit\u00e4t, Richtigkeit und Vollst\u00e4ndigkeit der im Internet zur Verf\u00fcgung gestellten Informationen \u00fcbernommen werden. Es wird auch keine Gew\u00e4hr f\u00fcr die Verf\u00fcgbarkeit oder den Betrieb der gegenst\u00e4ndlichen Homepage [&hellip;]<\/p>\n","protected":false},"author":1,"featured_media":94,"parent":0,"menu_order":0,"comment_status":"closed","ping_status":"closed","template":"","meta":{"footnotes":""},"class_list":["post-96","page","type-page","status-publish","has-post-thumbnail","hentry"],"_links":{"self":[{"href":"https:\/\/marketingwaves.ch\/index.php?rest_route=\/wp\/v2\/pages\/96","targetHints":{"allow":["GET"]}}],"collection":[{"href":"https:\/\/marketingwaves.ch\/index.php?rest_route=\/wp\/v2\/pages"}],"about":[{"href":"https:\/\/marketingwaves.ch\/index.php?rest_route=\/wp\/v2\/types\/page"}],"author":[{"embeddable":true,"href":"https:\/\/marketingwaves.ch\/index.php?rest_route=\/wp\/v2\/users\/1"}],"replies":[{"embeddable":true,"href":"https:\/\/marketingwaves.ch\/index.php?rest_route=%2Fwp%2Fv2%2Fcomments&post=96"}],"version-history":[{"count":3,"href":"https:\/\/marketingwaves.ch\/index.php?rest_route=\/wp\/v2\/pages\/96\/revisions"}],"predecessor-version":[{"id":101,"href":"https:\/\/marketingwaves.ch\/index.php?rest_route=\/wp\/v2\/pages\/96\/revisions\/101"}],"wp:featuredmedia":[{"embeddable":true,"href":"https:\/\/marketingwaves.ch\/index.php?rest_route=\/wp\/v2\/media\/94"}],"wp:attachment":[{"href":"https:\/\/marketingwaves.ch\/index.php?rest_route=%2Fwp%2Fv2%2Fmedia&parent=96"}],"curies":[{"name":"wp","href":"https:\/\/api.w.org\/{rel}","templated":true}]}}